undreds digit of 33290?
2
What is the units digit of 1101046?
6
What is the hundreds digit of 90615?
6
What is the tens digit of 225844?
4
What is the ten thousands digit of 15840?
1
What is the hundred thousands digit of 14673765?
6
What is the ten millions digit of 11918062?
1
What is the units digit of 1340069?
9
What is the tens digit of 80756?
5
What is the thousands digit of 175241?
5
What is the units digit of 180569?
9
What is the millions digit of 2670046?
2
What is the hundred thousands digit of 127328?
1
What is the ten thousands digit of 19118424?
1
What is the millions digit of 35192425?
5
What is the tens digit of 29721781?
8
What is the hundreds digit of 15756468?
4
What is the hundred thousands digit of 115922?
1
What is the thousands digit of 6216755?
6
What is the millions digit of 8657553?
8
What is the thousands digit of 22372192?
2
What is the millions digit of 9893897?
9
What is the tens digit of 105466?
6
What is the hundreds digit of 3971346?
3
What is the hundreds digit of 284311?
3
What is the hundreds digit of 4615975?
9
What is the tens digit of 188764?
6
What is the tens digit of 877877?
7
What is the millions digit of 1550134?
1
What is the hundreds digit of 6219857?
8
What is the thousands digit of 2234826?
4
What is the units digit of 346285?
5
What is the ten thousands digit of 270760?
7
What is the hundred thousands digit of 15862707?
8
What is the ten thousands digit of 213256?
1
What is the hundreds digit of 708818?
8
What is the tens digit of 2991672?
7
What is the ten millions digit of 39600060?
3
What is the hundreds digit of 7454085?
0
What is the hundred thousands digit of 2593491?
5
What is the units digit of 161876?
6
What is the ten thousands digit of 647582?
4
What is the ten thousands digit of 3172263?
7
What is the thousands digit of 4231308?
1
What is the thousands digit of 2506089?
6
What is the hundred thousands digit of 390393?
3
What is the tens digit of 1661156?
5
What is the units digit of 742959?
9
What is the units digit of 1447946?
6
What is the tens digit of 13647786?
8
What is the hundreds digit of 639278?
2
What is the units digit of 273526?
6
What is the thousands digit of 3704155?
4
What is the hundred thousands digit of 970452?
9
What is the hundreds digit of 17264521?
5
What is the tens digit of 27987422?
2
What is the hundreds digit of 257734?
7
What is the hundred thousands digit of 115892?
1
What is the ten millions digit of 12607347?
1
What is the millions digit of 4487804?
4
What is the thousands digit of 73363?
3
What is the units digit of 2635096?
6
What is the units digit of 8316138?
8
What is the units digit of 38262907?
7
What is the thousands digit of 11352740?
2
What is the thousands digit of 19337209?
7
What is the thousands digit of 590525?
0
What is the thousands digit of 243865?
3
What is the hundreds digit of 5299934?
9
What is the hundred thousands digit of 9541413?
5
What is the tens digit of 21639?
3
What is the millions digit of 1164227?
1
What is the hundreds digit of 720808?
8
What is the hundreds digit of 223541?
5
What is the hundred thousands digit of 529450?
5
What is the hundred thousands digit of 197385?
1
What is the tens digit of 797309?
0
What is the hundreds digit of 7751373?
3
What is the hundred thousands digit of 250026?
2
What is the hundreds digit of 348840?
8
What is the tens digit of 1600677?
7
What is the hundred thousands digit of 2086265?
0
What is the tens digit of 362041?
4
What is the tens digit of 1894806?
0
What is the hundred thousands digit of 554128?
5
What is the units digit of 8206459?
9
What is the ten thousands digit of 267433?
6
What is the ten millions digit of 27873368?
2
What is the hundreds digit of 1238742?
7
What is the hundreds digit of 7417937?
9
What is the hundred thousands digit of 1478019?
4
What is the ten thousands digit of 910328?
1
What is the ten thousands digit of 219848?
1
What is the thousands digit of 23523?
3
What is the hundreds digit of 1974850?
8
What is the units digit of 549769?
9
What is the hundreds digit of 70395?
3
What is the tens digit of 7668342?
4
What is the thousands digit of 30757?
0
What is the hundred thousands digit of 9800882?
8
What is the tens digit of 1682588?
8
What is the thousands digit of 2166209?
6
What is the units digit of 3506034?
4
What is the hundreds digit of 1339039?
0
What is the units digit of 33507?
7
What is the units digit of 94740?
0
What is the hundred thousands digit of 268473?
2
What is the thousands digit of 583201?
3
What is the thousands digit of 619000?
9
What is the hundred thousands digit of 234358?
2
What is the thousands digit of 2601707?
1
What is the units digit of 1865269?
9
What is the hundred thousands digit of 3468507?
4
What is the ten thousands digit of 65025?
6
What is the thousands digit of 73924?
3
What is the hundreds digit of 368463?
4
What is the ten thousands digit of 9785388?
8
What is the units digit of 269022?
2
What is the hundred thousands digit of 6021095?
0
What is the hundreds digit of 59862?
8
What is the ten thousands digit of 156458?
5
What is the units digit of 4218160?
0
What is the thousands digit of 226154?
6
What is the millions digit of 20238313?
0
What is the hundreds digit of 33372?
3
What is the hundreds digit of 576244?
2
What is the hundreds digit of 717800?
8
What is the units digit of 355176?
6
What is the units digit of 1300645?
5
What is the tens digit of 213952?
5
What is the hundreds digit of 907781?
7
What is the tens digit of 2083986?
8
What is the tens digit of 288299?
9
What is the ten millions digit of 38765781?
3
What is the tens digit of 48504?
0
What is the ten thousands digit of 226616?
2
What is the ten thousands digit of 384332?
8
What is the ten thousands digit of 1574124?
7
What is the units digit of 781501?
1
What is the ten thousands digit of 307006?
0
What is the hundreds digit of 5864312?
3
What is the tens digit of 233251?
5
What is the ten thousands digit of 10168433?
6
What is the hundreds digit of 7302960?
9
What is the thousands digit of 170134?
0
What is the hundred thousands digit of 711227?
7
What is the thousands digit of 4148141?
8
What is the hundred thousands digit of 320510?
3
What is the hundred thousands digit of 410637?
4
What is the millions digit of 14963193?
4
What is the thousands digit of 363440?
3
What is the millions digit of 7119523?
7
What is the thousands digit of 1185335?
5
What is the ten thousands digit of 8898062?
9
What is the hundred thousands digit of 227007?
2
What is the ten thousands digit of 5831214?
3
What is the units digit of 180634?
4
What is the hundred thousands digit of 2635447?
6
What is the ten thousands digit of 1678179?
7
What is the units digit of 919012?
2
What is the thousands digit of 71951?
1
What is the thousands digit of 54571?
4
What is the hundreds digit of 490074?
0
What is the tens digit of 10837?
3
What is the ten thousands digit of 256702?
5
What is the hundreds digit of 4113738?
7
What is the units digit of 5740556?
6
What is the hundreds digit of 4626110?
1
What is the ten thousands digit of 227135?
2
What is the ten thousands digit of 80450?
8
What is the tens digit of 9207522?
2
What is the tens digit of 571969?
6
What is the hundred thousands digit of 2038051?
0
What is the thousands digit of 1484688?
4
What is the millions digit of 4871131?
4
What is the hundreds digit of 10433200?
2
What is the thousands digit of 1346375?
6
What is the ten thousands digit of 20252611?
5
What is the tens digit of 1416590?
9
What is the hundreds digit of 3106466?
4
What is the hundreds digit of 1002713?
7
What is the tens digit of 255218?
1
What is the ten millions digit of 10905024?
1
What is the ten thousands digit of 322538?
2
What is the thousands digit of 2636077?
6
What is the thousands digit of 68131?
8
What is the ten thousands digit of 253284?
5
What is the millions digit of 24972473?
4
What is the units digit of 3655144?
4
What is the ten thousands digit of 375460?
7
What is the millions digit of 3344436?
3
What is the ten thousands digit of 5774968?
7
What is the tens digit of 18941854?
5
What is the hundred thousands digit of 303315?
3
What is the tens digit of 151179?
7
What is the hundreds digit of 305232?
2
What is the hundred